-12
Let c(v) = 7*v**2 + 0 - 10*v**2 + 5*v + 6 - v**3. Let m be c(-4). Let z(p) = -p**m - 2*p + 4*p - 3*p - 1. What is z(-3)?
-7
Suppose 0 = -c - 4*c + 25. Let u(t) = 1 - 7*t + 4*t - c + 5*t. Suppose 40 - 15 = 4*a + 3*w, 2*a - 11 = -w. What is u(a)?
4
Suppose -2*p - 4 = -2*i, -2*i = -0*i - 4*p - 10. Let c(m) = -m**2 - 2*m - 1. Give c(i).
0
Suppose -3*c + 2 = -2*w, 0*c + 2 = 2*w - c. Let h(l) = -w*l**3 - 6*l**2 + l**2 + 0*l**3 + 6*l**2. Give h(1).
-1
Let t(r) = -7 - 4 - r + 5. Calculate t(-7).
1
Let k(d) = -8*d**2 + d - 1. Suppose w = 3*f - 2*w - 3, -3*f = w - 3. Determine k(f).
-8
Let b(c) = c**3 + 2*c - 1. Let s be 4/26 + (-66)/(-78). Determine b(s).
2
Let r(x) be the first derivative of 0*x + 0*x**2 - 1/120*x**5 - 1/90*x**6 - 4/3*x**3 + 0*x**4 + 3. Let p(z) be the third derivative of r(z). What is p(1)?
-5
Let x be (-26 - -15) + (-3)/(-1). Let v = -3 - x. Let k(t) = 2*t - 3. Give k(v).
7
Suppose 5*s - 5*g - 16 = s, -3*g = 5*s - 57. Let i(u) = -3 + s*u - 3*u - u - 4*u. Determine i(4).
1
Let g(v) be the third derivative of v**9/30240 - v**8/20160 + v**7/5040 + v**5/20 - 3*v**2. Let h(k) be the third derivative of g(k). Give h(1).
2
Let k(m) be the third derivative of -m**6/120 + m**5/12 - m**4/12 + m**3 + 2*m**2. Let h = -1 - -1. Let s = 5 + h. Give k(s).
-4
Let c(d) = d - 8. Suppose 2*l = -4*z + 20, -3*l - 4 = -l. Give c(z).
-2
Let d = -31 - -31. Suppose 0 = -3*g - 2*j + 56, 5*g + 5*j - 60 - 40 = 0. Let p(k) = 0*k + k - g + 7. Determine p(d).
-9
Let k(g) = -4*g. Suppose -6*j + 14 - 2 = 0. Determine k(j).
-8
Let p(n) = -n - 5. Let y be p(-6). Suppose -2 = x - y. Let f(u) be the third derivative of -u**6/15 - u**5/30 - u**4/24 + u**2. Determine f(x).
7
Let v(d) = 0*d + 16*d**3 + 3*d - 1 - 5*d - 5*d**3. Determine v(-1).
-10
Let o(f) = -f**3 - 3*f**2 + 3*f + 1. Let s be o(-4). Let x be (s + -2)*(1 - 0). Let c(h) = h - 6. Determine c(x).
-3
Suppose -6*k + 58 = -20. Let m(a) = -39 + k + a**2 - a + 14 + 10. Calculate m(3).
4
Let p(y) = 10*y**2. Let t be (-3)/(-9) - (-8)/3. Let w be (-26)/6 - (-1)/t. Let f = w - -3. Calculate p(f).
10
Let i(x) = 2*x**3 + 4*x**2 + 2*x - 2. Let v(q) = q**3 + 7*q**2 - 2*q - 4. Let g be v(-7). Let u = g + -6. Suppose 10 = -u*l - l. Calculate i(l).
-6
Let v(w) = -2*w - 8. Let j be (-38)/5 + (-3)/(-5). What is v(j)?
6
Let k(y) be the third derivative of y**5/60 - y**4/8 - y**3 - 6*y**2. Determine k(5).
4
Let c(n) = n**2 - 5*n - 4. Let a be 3/12 + (-238)/(-8). Let o = 42 - a. Suppose -5*x + x + o = 0. What is c(x)?
-10
Let w(y) = 6 - 5 + 5 + 2*y. Calculate w(7).
20
Let i(h) be the second derivative of -1/6*h**3 - 1/8*h**4 - 2*h + 0 + 1/60*h**5 + 1/2*h**2. Let v(x) be the first derivative of i(x). Give v(3).
-1
Let c(r) = -r**3 + r + 1. Suppose 0 = -3*o - 4*b + 17, 4*o = 3*b - 4*b + 27. Let i(h) = h - 6. Let y be i(o). Let q be y/(-2)*0/1. Calculate c(q).
1
Let j(i) = -4*i**2 + 3*i - 2. Let z = -9 + 11. Suppose -6*h + 8 = -z*h. Calculate j(h).
-12
Let f(i) = i**3 - 5*i**2 - 2*i - 8. Suppose 42 = -22*n + 29*n. What is f(n)?
16
Suppose -2*a = -0*a. Suppose a = w - 5*w. Let y be w/(2 - -1)*-1. Let j(h) = -h**2 + h - 1. What is j(y)?
-1
Let s(w) = -w**3 - 7*w**2 + 1. Let c be s(-7). Let l be ((-2)/1 + c)/(-1). Suppose -v = -2*v - l. Let k(p) = -2*p**3 - 2*p**2 + 1. Give k(v).
1
Suppose 2*s - 4 = -2. Let m(u) = 16*u**3 + 3*u**2 - 10*u - 7. Let b(p) = 2 - 4*p + 3*p**2 + 5*p + 2*p - 5*p**3 - 4*p**2. Let x(a) = 7*b(a) + 2*m(a). Give x(s).
-3
Let n be (-24)/(-14) - (-4)/14. Let v(j) = -7 + j**3 + 7 - j + n*j**2. Determine v(-3).
-6
Let p be 10/20 - (-1)/2. Let k(l) = -12*l + 1. Give k(p).
-11
Let k(h) = -h**3 - 5*h**2 - 3*h - 6. Suppose -25 = -6*x + x. Suppose 0 = -2*y + 7*y. Let j = y - x. Calculate k(j).
9
Let b(q) = -q**2 - 4*q - 3. Suppose 105 = 4*a + a. Suppose 0 = -5*k - 2*r + 21 + 4, -5*k + 2*r = -25. Suppose j + 3*c = -7 - k, -4*j - a = 3*c. Give b(j).
0
Let h(u) = u**2 + 3*u - 2. Let c be (-4)/22 - 6/(-33). Suppose -5*x + c - 15 = 0. Determine h(x).
-2
Let n(w) = 21*w**2 + 21*w + 4. Let p(o) = -10*o**2 - 10*o - 2. Let l(a) = 6*n(a) + 13*p(a). Let s = -17 - -21. Suppose 0*q + 8 = -s*q. Calculate l(q).
-10
Let d(m) be the third derivative of m**4/24 - m**3 + 24*m**2. Calculate d(0).
-6
Let y(m) = -m**2 + 7*m - 5. Let i(u) = 4*u**2 + 2*u - 1. Let o = -1 + 2. Let x be i(o). Determine y(x).
5
Let x(s) = 7*s**2 + 21*s + 15. Let y(p) = 10*p**2 + 31*p + 23. Let o(t) = -7*x(t) + 5*y(t). Determine o(-7).
3
Let a(d) = 28*d - 41*d + 16*d. Calculate a(4).
12
Let k(b) = 0 + 2*b - 7*b**3 + 52*b**2 - 1 - 54*b**2. Calculate k(1).
-8
Let y(i) be the third derivative of i**6/360 + i**5/24 - 3*i**3/2 + i**2. Let v(a) be the first derivative of y(a). What is v(-4)?
-4
Let c(g) be the third derivative of -g**5/60 + 5*g**4/24 + g**3/3 - 9*g**2. Let a(k) = k**2 - k - 2. Let b be a(-3). Suppose -5*q + 15 = -b. Give c(q).
2
Let l(s) = -s + 9. Let i = 18 - 13. Let d = 11 - i. Calculate l(d).
3
Suppose 6*x = 2*x - 5*l + 54, 0 = 3*x + l - 46. Suppose -2*m = -4*c + x, c + 2*m + 2 + 4 = 0. Let i = c - 1. Let k(r) = -11*r**2. What is k(i)?
-11
Let v(q) = -3*q - 2*q**2 + 5 + 3 - 1 - 4. What is v(2)?
-11
Suppose 5*w - 2*o - 2*o = 5, -w + 12 = -3*o. Let j be 3 + w + 1 + 8. Let v(z) = 5*z - z**2 - j*z + 0*z**2 + 0*z**2 + 4. Calculate v(-4).
4
Let w(c) = c - 1. Suppose -z + 4*z - 6 = 0. Suppose 3*l = -z*l. Calculate w(l).
-1
Let y(w) be the second derivative of -w**8/6720 + w**7/840 + w**6/720 + w**5/120 - w**4/12 - w. Let v(i) be the third derivative of y(i). What is v(4)?
-11
Let k(i) = -i**3 - 8*i**2 - i - 11. Let p(j) = 3*j**3 + 15*j**2 + 3*j + 22. Let y(f) = 5*k(f) + 2*p(f). Calculate y(10).
-1
Let y(g) = 7*g**2 - 5*g - 4. Let r(n) = -8*n**2 + 6*n + 5. Let z(d) = 4*r(d) + 5*y(d). What is z(-1)?
4
Let p(a) = 23*a - 13*a + a**3 + 6*a**2 - 7*a + 5. What is p(-6)?
-13
Let j(x) = -x**2 - 3*x + 5. Let d(p) = p**3 + 5*p**2 - p - 1. Let c be d(-5). Suppose 4*v + 30 = -4*f - 30, 0 = -3*f - c*v - 49. Let w = 6 + f. Determine j(w).
-5
Let g(u) = -2*u - 4. Let r be g(-4). Let v(d) = d - 4. Let z(m) = -4*m + 17. Let t(b) = 9*v(b) + 2*z(b). Calculate t(r).
2
Let z(m) be the third derivative of -m**5/60 - m**4/8 - m**3/3 + m**2. Let d be 0/1 + 2/1. Suppose -d*w = -3*w - 4. Give z(w).
-6
Let k(r) = r**3 - r**2 - r - 1. Let t(b) = 4*b**3 + b**2 - 9*b - 10. Let z(w) = -3*k(w) + t(w). Let c be 2/6 + 28/(-3). Let o = 4 + c. Determine z(o).
-2
Let s(p) be the second derivative of -p**7/70 - p**6/360 + p**5/120 + 4*p**3/3 - 7*p. Let x(a) be the second derivative of s(a). Determine x(1).
-12
Let d(t) be the third derivative of t**4/12 - t**3/6 - 2*t**2. Let i(q) = -q + 1. Let j(n) = 4*d(n) + 9*i(n). Give j(0).
5
Let d(b) = 15*b**3 - 5*b**2 - 23*b - 25. Let t(a) = -7*a**3 + 2*a**2 + 11*a + 12. Let k = 40 - 27. Let c(h) = k*t(h) + 6*d(h). Give c(-5).
6
Let a be 3/(2 + -2 - -1). Let n(b) = 3 - 2*b - 3. Give n(a).
-6
Let y(w) = -31*w + 0*w**2 + 12*w**2 + 30*w. Calculate y(-1).
13
Let q(t) be the second derivative of 1/6*t**3 + 1/12*t**4 - 3/2*t**2 + 0 + 7*t. Give q(3).
9
Let f(s) = -3*s**3 + 3*s - 4*s - s**2 - 3*s**3. What is f(-1)?
6
Let u(l) be the third derivative of -l**8/20160 + l**7/720 - 7*l**6/720 + l**5/30 - l**2. Let x(g) be the third derivative of u(g). Give x(5).
3
Let p(v) be the first derivative of v**6/120 - v**5/15 + v**4/8 + v**3/3 + v**2 - 9. Let b(g) be the second derivative of p(g). Determine b(3).
2
Let g(s) = 48 - 25 - 3*s - 26. What is g(-6)?
15
Let k(c) = 1 + c - 7*c**2 + 18*c**2 + 3*c - 2*c. What is k(-1)?
10
Let y(t) = -t**2 - 4*t - 4. Suppose 16 = -2*j - 2*j. Give y(j).
-4
Let l = -58 - -62. Let t(d) = -d**3 + 5*d**2 - 4*d - 5. Determine t(l).
-5
Let k = -8 - 0. Let b(h) be the first derivative of -h**2/2 - 4*h - 1. Let i be b(k). Let j(c) = -c + 5. Give j(i).
1
Let d = -1 - -2. Let g(n) = -1 + d + 2*n. Let a = -2 + -2. Determine g(a).
-8
Let k = -20 - -36. Let m(q) = -8 + k - q - 6. Give m(-4).
6
Let v(p) = p**3 + 8*p**2 + p + 11. Let t be v(-8). Suppose -4*k + 3 = -3*k. Let x be (10/k)/2*t. Let u(a) = a - 11. Determine u(x).
-6
Let z(m) = m**2 - 5*m + 2. Suppose 0*v - 3*v = 4*x + 3, -12 = -5*v - x. Calculate z(v).
-4
Let h(r) be the second derivative of r**5/20 - r**3/6 - r**2/2 + 5*r. Let v be (-1*2 + 2)/(-1). Calculate h(v).
-1
Suppose 4*c - w = 3*